 n**2 + n - 2. Determine q(t).
10
Let h = 37 + -35. Let o(k) = -3*k**2 + 3*k**2 - 1 - k**2 - k - 3*k**h. Determine o(-1).
-4
Let v(o) = -19*o**3 - 5*o**2 - 5*o - 2. Let p(d) = -3*d**3 - d**2 - d. Let w(y) = 6*p(y) - v(y). What is w(-2)?
-8
Let p(q) = -2*q - 2. Let s be p(-2). Suppose -5*a + 7 + 15 = t, 0 = -3*a + 5*t + s. Let l(r) be the first derivative of -r**3/3 + 5*r**2/2 - 6*r - 3. Give l(a).
-2
Let b(s) = -s**3 + 4*s**2 - 1. Let g = 16 + -4. Suppose 2*v = -v + g. Determine b(v).
-1
Let r be ((-8)/(-12))/((-4)/(-54)). Let g(j) = -2 - j + r + 0 - j**2. Let d = 1 - 1. Give g(d).
7
Let b(x) = 57*x + 50. Let l(f) = 9*f + 8. Let n(y) = 4*b(y) - 26*l(y). Calculate n(-7).
34
Let x(w) = 11*w + 1. Let u(c) = -45*c - 5. Let m(v) = -4*u(v) - 18*x(v). Let k(o) = 16*o - 1. Let p(i) = 7*k(i) + 6*m(i). Give p(-4).
-11
Let s be 129/9 - 6/(-9). Let t(p) = 4*p - 6. Let y be t(7). Let a = y - s. Let l(k) = -k + 2. Calculate l(a).
-5
Suppose 2 = 4*j + 2*c, 0 = 7*j - 2*j + 5*c + 5. Let k(f) = f**3 - 11 - 2*f**2 + 10 + 0*f**2 + j*f. Give k(2).
3
Suppose 8 = 4*q - 2*l - 2, 0 = -5*q - 2*l + 26. Let r(m) = q*m + m**3 + 2*m**2 - 2*m**3 + 3 - 8*m. Determine r(2).
-5
Let a(j) = -j**2 - 5*j + 98. Let o be a(-13). Let n(m) = -12*m - 18*m - 8 + 26*m. Calculate n(o).
16
Let n(g) = -2*g - 3. Let s = -79 - -47. Let u = 56 + -27. Let i = u + s. What is n(i)?
3
Let j(p) = -p - 7 + 0 - 2 + 2 - 285*p**2 + 286*p**2. What is j(-3)?
5
Let c(u) be the first derivative of u**2/2 + 4*u - 6. Let p = 32 + -37. What is c(p)?
-1
Suppose o = -10*o. Let s be 11 + -7 - (o + (-10)/(-2)). Let g(w) = w**2 + w - 1. Give g(s).
-1
Let v(y) = 6*y**2 + 2*y - 1. Let g(o) be the first derivative of o**4/4 + 3*o**3 + 7*o**2/2 - 7*o + 4. Let n be g(-8). Give v(n).
7
Let p(o) be the first derivative of -o**4/4 + o**2 - 2*o + 2. Let w = -45 + 42. Let n be 234/39 + -1 + w. Calculate p(n).
-6
Let i(c) = c**3 - 9*c**2 + 18*c + 2. Suppose 29*a - 360 = -186. Determine i(a).
2
Let h = -93 + 99. Let d(s) = s**2 - 13*s + 35. Let l be d(h). Let n(c) = -c**2 - 5*c + 10. Calculate n(l).
-4
Let i(w) be the first derivative of 1 + 1/2*w**2 - 4*w. Suppose r - 139 = -132. Give i(r).
3
Let n(j) be the first derivative of -j**4/4 - 2*j**3 - 3*j**2/2 + 6*j - 108. Determine n(-5).
-4
Let b be 16/(-10)*(1 + -11). Let x(q) = 7 - b + 4 - q + 0*q. Give x(6).
-11
Let z = 8152 - 8155. Let a(o) be the third derivative of o**6/120 + o**5/60 + o**4/6 + 2*o**3/3 - o**2. Give a(z).
-26
Let z(r) = -r**3 - 2*r**2 + 2*r - 3. Suppose 0 = 2*j + 3*f + 2, j + 2 + 8 = 3*f. Determine z(j).
21
Let o(a) = 4*a**2 - 2*a - 1. Let g(d) = 11*d**2 - 5*d - 2. Let s(m) = 3*g(m) - 8*o(m). Let j = -493 - -490. Determine s(j).
8
Let k(f) be the second derivative of -f**3 - 5*f**2/2 - 74*f. What is k(-2)?
7
Let i = -25 - -30. Let w(s) be the third derivative of -1/15*s**5 - s**2 - 2/3*s**3 + 1/120*s**6 - 1/6*s**4 + 0*s + 0. Determine w(i).
1
Let g(x) = x**2 - 2*x + 2. Let l be g(3). Let v(b) be the second derivative of 3*b**2 - 1/6*b**3 + 0 + 5*b. What is v(l)?
1
Suppose 4*q - 131 = -79. Let a(t) = -t**3 - 17 - 14 - 5*t**2 + 7*t - q + 45. Give a(-6).
-5
Let k = 9 + -7. Let t(h) = -2 + 3 + 1 + h - h**k. Suppose 0 = 6*a + 2 + 10. Determine t(a).
-4
Let p(y) = y**3 - 1. Let j be -2*((-2)/(-7))/((-12)/(-2247)). Let w = j - -107. Determine p(w).
-1
Let o(p) = -86*p - 12. Let u(c) = -31*c - 4. Let k(l) = -3*o(l) + 8*u(l). Determine k(-5).
-46
Let h(c) be the first derivative of 0*c**2 - 4 + 0*c + 1/60*c**5 - 1/24*c**4 + 2*c**3. Let w(r) be the third derivative of h(r). Calculate w(-2).
-5
Let r(g) = -g**3 + 4*g**2 + 7*g. Let s = -12 + 17. Suppose -12*b + 15 = -11*b. Suppose i = -4*o + b, -4*o - s*i - 6 = -1. What is r(o)?
10
Let y = 14 + -34. Let p = y - -17. Let a(n) be the second derivative of n**3/6 + 5*n**2/2 - n. Give a(p).
2
Let x(p) = 34*p**2 + 7 - 5 - 32*p**2 + 2 + 12*p. Determine x(-6).
4
Let y(j) = 3*j + 13. Let l(f) = -f - 1. Let m(d) = -4*l(d) - y(d). Give m(10).
1
Let g(d) = -3*d + 1. Let p be g(-1). Let n(h) be the first derivative of 0*h**2 - 4 + 1/4*h**p + 2*h**3 - 3*h. Determine n(-6).
-3
Let i(c) = 2*c**2 - 1. Suppose a - 4 = 3*j, 15 = 29*a - 32*a. Give i(j).
17
Let l(m) = -9*m + 11*m**2 + 241*m**3 - 39 + 52 - 240*m**3. Give l(-12).
-23
Let r(s) be the second derivative of -s**4/12 + 2*s**3/3 - 2*s**2 + 327*s. What is r(5)?
-9
Let l(u) = -u**3 + 4*u**2 - 2*u - 1. Suppose 3*d + 22 = 3*c - 101, -c + 5*d = -61. Suppose c - 16 = 5*t. Give l(t).
-9
Let l(j) = 2*j + 6. Let d(h) = -5 - 69*h + 32*h + 34*h. Let r(i) = -5*d(i) - 4*l(i). Give r(-1).
-6
Let a(h) be the third derivative of -1/120*h**6 + 0 - 1/30*h**5 - 1/6*h**3 + 0*h + 1/12*h**4 - 2*h**2. Suppose 91 = -8*w + 107. What is a(w)?
-13
Let a(k) = 18*k**2 - k + 4 - 47*k**2 + 28*k**2. Calculate a(-3).
-2
Let s(a) = 5*a**3 + 2*a**2 - 1. Let k be s(1). Let w = 77 + -57. Let u(z) = w - 8 + 3*z**2 - 3 - 2*z**2 - 8*z. Determine u(k).
-3
Let p(h) = -h**3 + 4*h**2 + h + 1. Let n(k) = 8*k + 50. Let q be n(-6). Let m be q/(-5) - 72/(-30). Determine p(m).
11
Suppose -19 = -5*z - i + 2*i, 0 = i - 1. Let y(t) = -14 - 3*t + 0 + 21 - 8. What is y(z)?
-13
Let w(j) be the third derivative of -j**4/24 + j**3 - 18*j**2 + 5*j. What is w(-5)?
11
Let v(c) be the third derivative of 1/6*c**3 + 0 - 1/12*c**4 + 9*c**2 + 0*c - 1/20*c**5. What is v(1)?
-4
Let l(o) = 4*o + 3. Suppose -2*p + 66 = u, -3*p = u - 0*u - 97. Suppose 32 = p*d - 27*d. Suppose d*q + 24 = 2*q. Give l(q).
-13
Suppose -5*t + 12 = 4*p + 2, -p + 4 = 2*t. Let i be 2/8 + 35/4. Let k(j) = 4*j - i + t - 2*j**2 + 4 + 3*j**2. Determine k(-4).
-3
Let j(b) be the third derivative of b**6/120 + 3*b**5/20 - 5*b**4/12 - b**3/2 + 144*b**2 - 2. Give j(-10).
-3
Let d(m) be the second derivative of -3*m**3/2 + 11*m**2/2 + 498*m. What is d(1)?
2
Let i(z) be the first derivative of z**3/3 + 3*z**2 - 2*z - 46. Determine i(-8).
14
Let o = 1 + 7. Suppose 2*b + 2*b = o. Let i(y) = y**3 - 6 + 4 - 3*y**b + 3*y + 0*y. Give i(2).
0
Let c(g) = 235*g + 5 + 237*g - 471*g. What is c(-6)?
-1
Let p(k) = -k**3 + 6*k**2 + 8*k - 10. Let x be p(7). Let m(b) = 0*b - 2*b**2 + 17 + 4*b - b**3 + 21 - 58 + 24. Determine m(x).
1
Let b(d) = 10*d - 5 - d**3 + 4*d**2 + 2*d - d - 8*d. What is b(4)?
7
Let w(a) = -a + 11. Let m(x) = 2*x - 20. Let u(s) = -6*m(s) - 11*w(s). Give u(-8).
7
Let t(i) be the first derivative of 3*i**4/4 + i**3/3 + i**2 + i + 16. Let a be t(-1). Let b(k) = k + 2. What is b(a)?
-1
Suppose -49*c + 131 + 114 = 0. Let a(l) be the second derivative of -l**5/20 + l**4/3 + l**3/2 + 7*l**2/2 - l. Calculate a(c).
-3
Suppose 270 - 18 = 12*j. Let t be (1*j/(-12))/((-4)/16). Let m(s) = -s**2 + 7*s - 6. What is m(t)?
-6
Let m(r) = -6*r - 7. Let d be m(3). Let z = -28 - d. Let j(t) = -t**2 + 2. Determine j(z).
-7
Let j be (-3 - (-1)/1)*(-19 + 18). Let b(k) = -2 - k + 22*k**j + 20*k**2 - 41*k**2. Determine b(2).
0
Let o = 694 + -687. Let j(w) = -w**3 + 7*w**2 + 4*w + 1. What is j(o)?
29
Suppose 2 = -f + n, -3*f - 2*n + 3 = -6. Let l(h) = -66*h**2 + 9 + 65*h**2 - 3*h - f. What is l(-6)?
-10
Let n(q) = -q**2 - 2. Suppose -v - 12 = -4*v. Suppose c - 4 = 5*u - c, -4*c = v*u + 20. Give n(u).
-6
Let s(r) = r**3 + r**2 - 6*r - 3. Suppose 2*l - 5*j + 18 + 1 = 0, 4*l = j - 11. Let d be s(l). Let c(v) = -2*v + 5. Give c(d).
-5
Let y(h) = 2*h**3 - h**2 - h - 15. Let l(a) = a**3 - 4*a - 196 + 3*a + 189. Let c(z) = -9*l(z) + 4*y(z). Let b be 1/(-2) - 18/4. Calculate c(b).
3
Let d be (-4)/5*115/46. Let o(c) = -6*c - 4. Calculate o(d).
8
Let n(a) be the second derivative of -a**7/840 + a**4/8 + 3*a**3/2 - 2*a. Let r(o) be the second derivative of n(o). Calculate r(0).
3
Suppose 0*b = -2*g + b - 6, -2 = -b. Suppose -24*l + 22*l + 110 = 0. Let p(x) = 0*x**3 + 1 - x**3 + l*x + 2 - x**2 - 51*x. Give p(g).
-1
Let b(p) = -p + 7. Let f be -2 + 1 - 2*3. Let v = -8 - f. Let g be (-1)/(-2)*(v + 11). Calculate b(g).
2
Let u(r) = r**2 + 4*r + 1. Suppose 4*w + 56 = 8*w. Suppose -2*a = 5*m - 4*a + w, -m = -5*a - 11. Let l be m/(-3)*(-8 - -5). What is u(l)?
1
Let t be 4*((3 - 3) + 1). Let u(y) = t + 4*y**2 - 3*y**2 - 3 - 8*y. Calculate u(6).
-11
Let c = 52 + -39. Let b(y) = -7*y + 15. Let k(x) = -8*x + 15. Let n(q) = -5*b(q) + 4*k(q). Let s(a) = a - 7. Let w(v) = c*s(v) - 6*n(v). Calculate w(-1).
4
Let d(b) = b*